 + -4 + 0)
64
What is 78 + (-1 - (3 - 0)) - (-72 - (54 + -131))?
69
Evaluate -10 - 107 - -122 - (40 + 1).
-36
What is (2 - (-1 + 2 + -3)) + (-3926 - -3898)?
-24
What is 20 - 42 - (31 - (-12 - 38))?
-103
Evaluate -47 + 32 - (9 + -12 + 9).
-21
What is (-1 - (-3 + 4)) + 1247 + -1178?
67
What is the value of 31 - (5 - (-60 + 61 - (-1 - (-1 - -2))))?
29
What is the value of 82 + -74 + (86 - 33)?
61
2 + (-103 - 34 - -83)
-52
Calculate 0 + 2 + 56 + -73 + 45.
30
55 - (130 + -108) - (20 - -1)
12
What is the value of (-7 - -15 - (-55 - -2 - -8)) + -12 + 3?
44
(-135 - (-13 + -112)) + (-1 - 25)
-36
Calculate 1 + (-5 - -13 - (17 - -7 - 12)).
-3
Evaluate -14 + (4 - (-1 + 3 + -17 + 0)).
5
What is the value of (-898 - -873) + (21 - 1) + (-10 - -1) + 2?
-12
Calculate 7 + -10 + -11 + -15 - -2.
-27
0 - (38 - (0 + -16) - 18)
-36
What is the value of 0 + 33 - (1204 + -1185)?
14
-23 + 10 - ((3 - -8) + -6)
-18
What is the value of -11 - ((-32 - -9) + -4) - -30?
46
Calculate -2 + -3 + 91 + (40 - (30 - 11)).
107
Evaluate (-27 - 0) + (17159 - 17214).
-82
What is the value of (46 - (-10 - -76)) + 21?
1
What is (-35 - -87) + (-42 - -5) + 10?
25
Calculate 95 - (150 - 17 - 8).
-30
Evaluate 33 + -59 - 18 - -56.
12
Evaluate -12 + 4 + 0 + -1 + (31 + -38 - 20).
-36
Calculate -15 - -2 - (-24 - (52 - 56)) - (1 - 5).
11
What is (2 - (11 - -2)) + 3 - (-69 + 13)?
48
Calculate 16 + -28 + 13 + -5 + 9.
5
What is 68 + 57 + -246 + -1 + 27?
-95
Evaluate 281 + -230 - 141 - (-17 - 1).
-72
What is (-122 - (-112 + 81)) + 7 + 5?
-79
1 + 2 - ((-27 - (-22 - -21)) + 10)
19
(17 - (-54 + 28)) + (-8 - (-8 - -5) - -12)
50
0 + -2 + (98 - 39) - (38 - 28)
47
What is the value of -1 - 45 - 1 - (-57458 + 57433)?
-22
What is the value of (155 + 147 - 205) + 1 + -6?
92
What is the value of 4 - (-11 + 9 + -7) - 14 - -94?
93
-1 + 82 + -4 + (865 - 883)
59
What is the value of (-42 - -17) + 20 - (-18 + -30)?
43
Evaluate 2 + -2 + -3 - -80 - ((-195 - -414) + -211).
69
Calculate -109 - (17 - (114 + 130)).
118
Calculate 139 - (-28 - (-52 + 15) - -24).
106
Calculate 152 + 56 + (13 - 100).
121
What is the value of -38 - ((105 + -87 - (-3 + 42)) + (12 - 1))?
-28
What is the value of -243 + 260 - (2 - -2 - (-122 + 11))?
-98
What is the value of -11 + 45 + 3 + -57?
-20
Evaluate (-21 - 11) + -42 + 104.
30
What is -9 - -8 - (-1 + 6) - (212 - 201)?
-17
What is 1 - 117 - (80 + -52 - 85 - -38)?
-97
Calculate (-81 - -90) + 6 + -9 + -3 + 2.
5
Evaluate -63 + 189 - 58 - 128.
-60
What is the value of -19 + (46 + -12 - 13) + 14?
16
36 + (-1 - (58 - 30))
7
Evaluate 29 + (-3 - (-43 - -32)).
37
Calculate 12 + -18 - (4 + 5 + -5 - 11).
1
What is the value of -8 + (-9 - 10) + 35 + -14?
-6
(-5 + 31 + -9 + -14 - (-2 - -4)) + -72
-71
Evaluate -3 + 4 + (-41 - 11) + -4 - (-4 - -12).
-63
Evaluate 98 - (-28 + 25 + -51 + 83).
69
Calculate -7 + -10 + (1 - (-22 - -48)) + -7.
-49
What is the value of (48 - 2) + (0 - -3) + 62 + -74?
37
Calculate 19 + -5 - (49 - (17 - 17)).
-35
What is the value of 0 + -5 + (3 - (-10 + (-15 - -107) + -12))?
-72
What is (-13 - (0 - 0)) + (-16 + -1 - 20)?
-50
Evaluate 409 + -401 - (15 - 3).
-4
Calculate (-26 - -22) + (8 - (2 + 9 + 33) - -1).
-39
What is the value of 1 - -1 - (29 + -1 + -1986 + 1960)?
0
What is the value of (-67 - (-65 - 32)) + (-1 - 121)?
-92
(3 + 1 - (26 + -9 + -2)) + 24
13
What is 67 + -8 + 5 - (46 + -48 - (3 - 0))?
69
Calculate (-807 + 826 - (1 - (0 + -76))) + (-5 - -10).
-53
What is the value of -74 + (-158 - (-26 + -108))?
-98
What is the value of -39 + 119 + 4 + -50?
34
What is the value of (5 - -5) + (137 + -128 - (0 - -12))?
7
-2 + (100 - 98) + -15
-15
55 + 22 + -7 + (-16 - -17)
71
What is the value of -7 + (0 - (-28 + -1) - (155 + -165)) + -2?
30
What is -36 - ((48 - -9) + 26)?
-119
(1605 - 1599) + -1 + 0 + -48 + 2
-41
What is -27 - (-2 - 0 - 8) - (2 - 15)?
-4
What is (15 + -2 - (-150 + 167)) + (6 - 5) + -52?
-55
Calculate 101 - (-3033 - -3036 - (1 + -4 + 0)).
95
What is the value of (98 - 9) + (-6 - 0) + (90 - 95)?
78
Calculate (-59 - (-15 - -10 - 42)) + (7 - -1).
-4
Calculate 1 - -26 - (-3 - (-27 - -11)) - 40.
-26
What is the value of 38 + -25 + 0 + 9?
22
What is the value of (3 + -12 + 1 - (3 + -5)) + (-11043 - -11050)?
1
What is the value of -148 - -337 - 201 - (-28 + -1 + -1)?
18
What is 29 - (-39 + (11 - -52) + -45)?
50
Evaluate (-17 + 12 + -1 + 8 - -27) + 4 + -17.
16
Evaluate 3 - 1 - (17 - 7 - -5 - 17) - 70.
-66
What is -14 - (139 + -168 + (10 - -1))?
4
Calculate 0 + -30 + (27 - -41) + -58.
-20
What is the value of (169 - 267) + (0 - -57)?
-41
What is the value of 31157 + -31241 - (-77 - 1)?
-6
What is 63 - -1 - (19 - (277 - 252 - (-7 + -1)))?
78
What is 21 + 18 - 65 - -1?
-25
What is the value of -6 + (-35 - -24 - -28) + 58 - -22?
91
What is (1 - -137) + -867 + 824?
95
Calculate -96 + 100 + -8 + 4 + -4 + 3 + 7.
6
What is the value of -23 + 210 + -201 + -49 + 3?
-60
What is -55 + 15 + 3 + (-20 - -26) + -16?
-47
Evaluate (478 - 577) + (-4 - -1).
-102
(9 + -2 - 2) + 58 + -29 + 9
43
38 - 55 - (87 - 97 - (0 - 3))
-10
What is the value of -1 - (4 + 52) - (-1 + 0)?
-56
Evaluate 243 + -210 - (-4 + 12).
25
Calculate -57 + (4 - -29) + -17.
-41
What is the value of 3 + 1 + -11 + (45 + 13 - (3 - 2))?
50
-85 - -130 - (33 + -20)
32
What is -244 + 228 - (-16 + -1)?
1
What is the value of -23 + 0 + -1210 + 1208?
-25
What is the value of (51 - 33) + -46 - -36?
8
Evaluate -3 + 3 + 42 + 18 + 9 + -23 + -14.
32
Evaluate (-144 + 123 + (0 - -4) + -1 - -8) + 0.
-10
-212 + -3 + 91 + 80
-44
What is -39 + 66 + -4 + -15?
8
Calculate 85 + (-90 - 158) + 23.
-140
Evaluate (-2 - (2 - (-4 + 1))) + 8962 + -8831.
124
Calculate (27 - 82) + 10 + 28.
-17
Evaluate (19 + -1 - 2) + (-1301 - -1230).
-55
(20 + -137 - -73) + -50
-94
Evaluate (-5 - 6 - (-112 - (29 - 22))) + 5 - 13.
100
What is -38 + 7 - ((-65 - -15) + 36)?
-17
Evaluate -11 + 5 + 54 + -3 + 17 + 7.
69
What is 48 + (19 - 47) + -8 + 0 + 2?
14
What is (202 - 217) + (-5 - (-4 - 0) - -1)?
-15
312 - (175 - -139) - (0 + 15 + 1)
-18
74 + (13 - 27 - 64)
-4
What is -9 + -15 + 25 + (8 - 6 - -7)?
10
What is -307 - -205 - (-82 + -3)?
-17
Calculate -2 + -1 + 34 + -16 + (84 - -1).
100
Calculate -4 + 18 - (-10 + 6 - -24).
-6
What is 45 + -122 - -68 - -41?
32
What is the value of 32 - (-111 + (-65 - -251))?
-43
What is -47 - (-22 - (9 - (18 - 5)))?
-29
What is the value of (32 - (-14 - -19)) + (1 - (-6 - -3)) + 4?
35
Calculate -66 + 25 - (-8 - -10).
-43
Evaluate -10 + -7 + (-61 - (-1 - 89)).
12
-62 + (-7 - (9 + (-3 - 3))) + 11 + -1
-62
What is the value of (54 - (60 - 33)) + -31?
-4
16 - -1 - ((41 + 21 - -50) + -26)
-69
What is (120 - (8 + 52)) + -66?
-6
What is (-169 - -47) + 65 + -64?
-121
What is the value of 66 + -23 + 66 + -22 - (1 - -17)?
69
Evaluate (12 - (16 - 15) - (19 + -12)) + (54 - 1).
57
What is the value of 15 - (-17 - (-9 + (-15 - (13 + 39))))?
-44
What is (4 - 7) + 10 + -25 + (-160 - -143)?
-35
Evaluate 179 + (-209 - 47) - (1 - 3 - -8).
-83
What is -3 + -6 + -1 + -41 + 163 + 45 + -19?
138
What is -11 + (-10 + (46 - 23) - -50) + 25?
77
Calculate -6 - (51 + -68 + 19).
-8
What is the value of 2 + -3 + -164 + 198?
33
0 + 3 + (-19 - 13 - 7 - -35)
-1
What is 5 + 3 + 22 + 0 + -7 + 2?
25
Calculate -53 + (6 - -10) + 5 + -10 + -4.
-46
7 - 59 - (-28 + (11 + -6 - -8))
-37
What is 21 + -27 + -22 + 19 + 15?
6
(-21 - (7 + -2 + -2)) + (-18 - (3 + -15))
-30
20 - (129 + -15 + (31 - 49))
-76
(1 + -1 - 2) + (47 + -100 - -44)
-11
Evaluate -2 - ((-6 - 0 - -5) + -9) - (0 - 5).
13
Calculate (-226 + 234 - (14 - 2)) + -19 + -7.
-30
-1 + -9 + (-117 - -124) + -6
-9
Evaluate (-15 - (-23 + 2 + 45)) + -14.
-53
Evaluate 39 - (-23 + 17) - 19.
26
Calculate (-74 + 18 - -70) + 36.
50
What is 29 + -90 + 45 - (-46 - (3 + (-6 - -1)))?
28
75 + -36 + -24 + 35 + 40
90
What is the value of (-1 - (20 + 0 + -2)) + 120 + -107?
-6
What is the value of (19 - (17 - 14 - 38)) + 5 + -12?
47
What is the value of -44 + -16 + 65 + (12 - 6) + -81 + -2?
-72
What is -25 + (-24 + 12 + -11 + 19 + -7 - -13)?
-23
Calculate 1 + -6 + (-12 - -38) + 17.
38
What is 8 + (-1 - 0) + -7 + (-28 - 1 - 13)?
-42
272 + -196 + -61 + 26
41
What is the value of -160 + 152 + 12 + 0 + (126 - (12 - 8))?
126
What is the value of -93 - (-66 - 95 - -83)?
-15
Evaluate 94 - (105 - 131 - -111).
9
11 - 9 - (-15 + -14 + (9 - -65))
-43
What is 13 